{"id":7,"date":"2018-04-02T12:42:26","date_gmt":"2018-04-02T12:42:26","guid":{"rendered":"https:\/\/www.salvatorianas.org.br\/blog\/?page_id=7"},"modified":"2021-06-01T18:37:06","modified_gmt":"2021-06-01T18:37:06","slug":"formacao-salvatoriana","status":"publish","type":"page","link":"https:\/\/www.salvatorianas.org.br\/blog\/formacao-salvatoriana\/","title":{"rendered":"Forma\u00e7\u00e3o Salvatoriana"},"content":{"rendered":"<p>O processo de forma\u00e7\u00e3o Salvatoriana quer ajudar a jovem que optou pela vida religiosa Salvatoriana a viver o ideal deixado por Pe. Jordan, cuja miss\u00e3o \u00e9: &#8220;Para que todos conhe\u00e7am o Deus verdadeiro e a Jesus Salvador, utilizando-se de todos os meios e modos que o amor inspirar em cada tempo e lugar&#8221;. A forma\u00e7\u00e3o Salvatoriana \u00e9 um processo cont\u00ednuo, gradual e global. Em todos os passos o elemento fundamental \u00e9 o seguimento a Jesus Cristo na vida de ora\u00e7\u00e3o, na vida em comunidade e no servi\u00e7o apost\u00f3lico mission\u00e1rio.<\/p>\n<h3 style=\"text-align: center;\"><strong>ASPIRANTADO<\/strong><\/h3>\n<p><img decoding=\"async\" loading=\"lazy\" class=\"aligncenter wp-image-16103 size-full\" src=\"https:\/\/www.salvatorianas.org.br\/blog\/wp-content\/uploads\/2021\/06\/116101636_1658359454302760_3712345137836334884_n.jpg\" alt=\"\" width=\"1080\" height=\"1080\" srcset=\"https:\/\/www.salvatorianas.org.br\/blog\/wp-content\/uploads\/2021\/06\/116101636_1658359454302760_3712345137836334884_n.jpg 1080w, https:\/\/www.salvatorianas.org.br\/blog\/wp-content\/uploads\/2021\/06\/116101636_1658359454302760_3712345137836334884_n-150x150.jpg 150w, https:\/\/www.salvatorianas.org.br\/blog\/wp-content\/uploads\/2021\/06\/116101636_1658359454302760_3712345137836334884_n-300x300.jpg 300w, https:\/\/www.salvatorianas.org.br\/blog\/wp-content\/uploads\/2021\/06\/116101636_1658359454302760_3712345137836334884_n-768x768.jpg 768w, https:\/\/www.salvatorianas.org.br\/blog\/wp-content\/uploads\/2021\/06\/116101636_1658359454302760_3712345137836334884_n-1024x1024.jpg 1024w\" sizes=\"(max-width: 1080px) 100vw, 1080px\" \/><\/p>\n<p>Essa \u00e9 a primeira etapa do processo formativo das Irm\u00e3s Salvatorianas, onde a jovem \u00e9 orientada a discernir e cultivar as sementes da voca\u00e7\u00e3o \u00e0 Vida Consagrada, mediante uma escuta atenta e amorosa da Palavra de Deus e do discernimento da vontade Dele para sua vida.<\/p>\n<h3 style=\"text-align: center;\">POSTULANTADO<\/h3>\n<p><img decoding=\"async\" loading=\"lazy\" class=\"aligncenter wp-image-16104 size-large\" src=\"https:\/\/www.salvatorianas.org.br\/blog\/wp-content\/uploads\/2021\/06\/116081776_1662721497199889_2681989157443952120_n-1024x1024.jpg\" alt=\"\" width=\"1024\" height=\"1024\" srcset=\"https:\/\/www.salvatorianas.org.br\/blog\/wp-content\/uploads\/2021\/06\/116081776_1662721497199889_2681989157443952120_n-1024x1024.jpg 1024w, https:\/\/www.salvatorianas.org.br\/blog\/wp-content\/uploads\/2021\/06\/116081776_1662721497199889_2681989157443952120_n-150x150.jpg 150w, https:\/\/www.salvatorianas.org.br\/blog\/wp-content\/uploads\/2021\/06\/116081776_1662721497199889_2681989157443952120_n-300x300.jpg 300w, https:\/\/www.salvatorianas.org.br\/blog\/wp-content\/uploads\/2021\/06\/116081776_1662721497199889_2681989157443952120_n-768x768.jpg 768w, https:\/\/www.salvatorianas.org.br\/blog\/wp-content\/uploads\/2021\/06\/116081776_1662721497199889_2681989157443952120_n.jpg 1080w\" sizes=\"(max-width: 1024px) 100vw, 1024px\" \/><\/p>\n<p>O postulantado \u00e9 a pen\u00faltima etapa do Processo Formativo Salvatoriano. Diz respeito \u00e0 inicia\u00e7\u00e3o gradual da jovem no modo de vida da Congrega\u00e7\u00e3o. \u00c9 um tempo com a miss\u00e3o de aprofundar seu relacionamento pessoal com Cristo, possibilitando responder com convic\u00e7\u00e3o e liberdade ao seu chamado para o seguimento a Jesus Cristo, o Salvador.<\/p>\n<h3 style=\"text-align: center;\">NOVICIADO<\/h3>\n<p><img decoding=\"async\" loading=\"lazy\" class=\"aligncenter wp-image-16105 size-full\" src=\"https:\/\/www.salvatorianas.org.br\/blog\/wp-content\/uploads\/2021\/06\/116441104_1670784863060219_3792421694222754414_n.png\" alt=\"\" width=\"1080\" height=\"1080\" srcset=\"https:\/\/www.salvatorianas.org.br\/blog\/wp-content\/uploads\/2021\/06\/116441104_1670784863060219_3792421694222754414_n.png 1080w, https:\/\/www.salvatorianas.org.br\/blog\/wp-content\/uploads\/2021\/06\/116441104_1670784863060219_3792421694222754414_n-150x150.png 150w, https:\/\/www.salvatorianas.org.br\/blog\/wp-content\/uploads\/2021\/06\/116441104_1670784863060219_3792421694222754414_n-300x300.png 300w, https:\/\/www.salvatorianas.org.br\/blog\/wp-content\/uploads\/2021\/06\/116441104_1670784863060219_3792421694222754414_n-768x768.png 768w, https:\/\/www.salvatorianas.org.br\/blog\/wp-content\/uploads\/2021\/06\/116441104_1670784863060219_3792421694222754414_n-1024x1024.png 1024w\" sizes=\"(max-width: 1080px) 100vw, 1080px\" \/><\/p>\n<p>Chamada de noviciado, essa etapa final tem a miss\u00e3o de iniciar a novi\u00e7a na vida da Congrega\u00e7\u00e3o. Durante o per\u00edodo, a jovem segue um programa que tem por objetivo, ajud\u00e1-la a verificar e aprofundar sua voca\u00e7\u00e3o, assimilando o esp\u00edrito da Congrega\u00e7\u00e3o e a fazendo compreender o significado da consagra\u00e7\u00e3o religiosa. \u00c9 o momento de tomar a decis\u00e3o respons\u00e1vel no comprometimento da sua vida com Cristo, pela profiss\u00e3o dos votos como Irm\u00e3 do Divino Salvador (RV 59).<\/p>\n<p>&gt;&gt;&gt;&gt;&gt;&gt;&gt;&gt;&gt;&gt;&gt;&gt;&gt;&gt;&gt;&gt;&gt;&gt;&gt;&gt;&gt;&gt;&gt;&gt;<\/p>\n<p>Podemos dizer que a forma\u00e7\u00e3o n\u00e3o se esgota nestes passos, apenas nos situam na caminhada, pois sabemos da import\u00e2ncia do processo formativo em nossa vida, por isso buscamos forma\u00e7\u00e3o continuada durante toda nossa vida. Priorizamos o cultivo da espiritualidade atrav\u00e9s de retiros mensais em comunidade e anualmente de retiros personalizados, participamos de cursos de capacita\u00e7\u00e3o profissional e constante aperfei\u00e7oamento em nossa a\u00e7\u00e3o apost\u00f3lica mission\u00e1ria.<\/p>\n<h3 style=\"text-align: center;\"><strong>SALVATORIANAS UM JEITO DE SER, AMAR E SERVIR!<\/strong><\/h3>\n<!--[if lt IE 9]><script>document.createElement('audio');<\/script><![endif]-->\n<audio class=\"wp-audio-shortcode\" id=\"audio-7-1\" preload=\"none\" style=\"width: 100%;\" controls=\"controls\"><source type=\"audio\/mpeg\" src=\"https:\/\/www.salvatorianas.org.br\/blog\/wp-content\/uploads\/2018\/04\/Chamada-voc-02-site.mp3?_=1\" \/><a href=\"https:\/\/www.salvatorianas.org.br\/blog\/wp-content\/uploads\/2018\/04\/Chamada-voc-02-site.mp3\">https:\/\/www.salvatorianas.org.br\/blog\/wp-content\/uploads\/2018\/04\/Chamada-voc-02-site.mp3<\/a><\/audio>\n","protected":false},"excerpt":{"rendered":"<p>O processo de forma\u00e7\u00e3o Salvatoriana quer ajudar a jovem que optou pela vida religiosa Salvatoriana a viver o ideal deixado por Pe. Jordan, cuja miss\u00e3o \u00e9: &#8220;Para que todos conhe\u00e7am o Deus verdadeiro&#8230;<\/p>\n","protected":false},"author":1,"featured_media":0,"parent":0,"menu_order":0,"comment_status":"closed","ping_status":"closed","template":"","meta":[],"_links":{"self":[{"href":"https:\/\/www.salvatorianas.org.br\/blog\/wp-json\/wp\/v2\/pages\/7"}],"collection":[{"href":"https:\/\/www.salvatorianas.org.br\/blog\/wp-json\/wp\/v2\/pages"}],"about":[{"href":"https:\/\/www.salvatorianas.org.br\/blog\/wp-json\/wp\/v2\/types\/page"}],"author":[{"embeddable":true,"href":"https:\/\/www.salvatorianas.org.br\/blog\/wp-json\/wp\/v2\/users\/1"}],"replies":[{"embeddable":true,"href":"https:\/\/www.salvatorianas.org.br\/blog\/wp-json\/wp\/v2\/comments?post=7"}],"version-history":[{"count":18,"href":"https:\/\/www.salvatorianas.org.br\/blog\/wp-json\/wp\/v2\/pages\/7\/revisions"}],"predecessor-version":[{"id":16106,"href":"https:\/\/www.salvatorianas.org.br\/blog\/wp-json\/wp\/v2\/pages\/7\/revisions\/16106"}],"wp:attachment":[{"href":"https:\/\/www.salvatorianas.org.br\/blog\/wp-json\/wp\/v2\/media?parent=7"}],"curies":[{"name":"wp","href":"https:\/\/api.w.org\/{rel}","templated":true}]}}

Formação Salvatoriana

<p>O processo de formação Salvatoriana quer ajudar a jovem que optou pela vida religiosa Salvatoriana a viver o ideal deixado por Pe. Jordan, cuja missão é: &#8220;Para que todos conheçam o Deus verdadeiro e a Jesus Salvador, utilizando-se de todos os meios e modos que o amor inspirar em cada tempo e lugar&#8221;. A formação Salvatoriana é um processo contínuo, gradual e global. Em todos os passos o elemento fundamental é o seguimento a Jesus Cristo na vida de oração, na vida em comunidade e no serviço apostólico missionário.</p>
<h3 style="text-align: center;"><strong>ASPIRANTADO</strong></h3>
<p><img decoding="async" loading="lazy" class="aligncenter wp-image-16103 size-full" src="https://www.salvatorianas.org.br/blog/wp-content/uploads/2021/06/116101636_1658359454302760_3712345137836334884_n.jpg" alt="" width="1080" height="1080" srcset="https://www.salvatorianas.org.br/blog/wp-content/uploads/2021/06/116101636_1658359454302760_3712345137836334884_n.jpg 1080w, https://www.salvatorianas.org.br/blog/wp-content/uploads/2021/06/116101636_1658359454302760_3712345137836334884_n-150x150.jpg 150w, https://www.salvatorianas.org.br/blog/wp-content/uploads/2021/06/116101636_1658359454302760_3712345137836334884_n-300x300.jpg 300w, https://www.salvatorianas.org.br/blog/wp-content/uploads/2021/06/116101636_1658359454302760_3712345137836334884_n-768x768.jpg 768w, https://www.salvatorianas.org.br/blog/wp-content/uploads/2021/06/116101636_1658359454302760_3712345137836334884_n-1024x1024.jpg 1024w" sizes="(max-width: 1080px) 100vw, 1080px" /></p>
<p>Essa é a primeira etapa do processo formativo das Irmãs Salvatorianas, onde a jovem é orientada a discernir e cultivar as sementes da vocação à Vida Consagrada, mediante uma escuta atenta e amorosa da Palavra de Deus e do discernimento da vontade Dele para sua vida.</p>
<h3 style="text-align: center;">POSTULANTADO</h3>
<p><img decoding="async" loading="lazy" class="aligncenter wp-image-16104 size-large" src="https://www.salvatorianas.org.br/blog/wp-content/uploads/2021/06/116081776_1662721497199889_2681989157443952120_n-1024x1024.jpg" alt="" width="1024" height="1024" srcset="https://www.salvatorianas.org.br/blog/wp-content/uploads/2021/06/116081776_1662721497199889_2681989157443952120_n-1024x1024.jpg 1024w, https://www.salvatorianas.org.br/blog/wp-content/uploads/2021/06/116081776_1662721497199889_2681989157443952120_n-150x150.jpg 150w, https://www.salvatorianas.org.br/blog/wp-content/uploads/2021/06/116081776_1662721497199889_2681989157443952120_n-300x300.jpg 300w, https://www.salvatorianas.org.br/blog/wp-content/uploads/2021/06/116081776_1662721497199889_2681989157443952120_n-768x768.jpg 768w, https://www.salvatorianas.org.br/blog/wp-content/uploads/2021/06/116081776_1662721497199889_2681989157443952120_n.jpg 1080w" sizes="(max-width: 1024px) 100vw, 1024px" /></p>
<p>O postulantado é a penúltima etapa do Processo Formativo Salvatoriano. Diz respeito à iniciação gradual da jovem no modo de vida da Congregação. É um tempo com a missão de aprofundar seu relacionamento pessoal com Cristo, possibilitando responder com convicção e liberdade ao seu chamado para o seguimento a Jesus Cristo, o Salvador.</p>
<h3 style="text-align: center;">NOVICIADO</h3>
<p><img decoding="async" loading="lazy" class="aligncenter wp-image-16105 size-full" src="https://www.salvatorianas.org.br/blog/wp-content/uploads/2021/06/116441104_1670784863060219_3792421694222754414_n.png" alt="" width="1080" height="1080" srcset="https://www.salvatorianas.org.br/blog/wp-content/uploads/2021/06/116441104_1670784863060219_3792421694222754414_n.png 1080w, https://www.salvatorianas.org.br/blog/wp-content/uploads/2021/06/116441104_1670784863060219_3792421694222754414_n-150x150.png 150w, https://www.salvatorianas.org.br/blog/wp-content/uploads/2021/06/116441104_1670784863060219_3792421694222754414_n-300x300.png 300w, https://www.salvatorianas.org.br/blog/wp-content/uploads/2021/06/116441104_1670784863060219_3792421694222754414_n-768x768.png 768w, https://www.salvatorianas.org.br/blog/wp-content/uploads/2021/06/116441104_1670784863060219_3792421694222754414_n-1024x1024.png 1024w" sizes="(max-width: 1080px) 100vw, 1080px" /></p>
<p>Chamada de noviciado, essa etapa final tem a missão de iniciar a noviça na vida da Congregação. Durante o período, a jovem segue um programa que tem por objetivo, ajudá-la a verificar e aprofundar sua vocação, assimilando o espírito da Congregação e a fazendo compreender o significado da consagração religiosa. É o momento de tomar a decisão responsável no comprometimento da sua vida com Cristo, pela profissão dos votos como Irmã do Divino Salvador (RV 59).</p>
<p>&gt;&gt;&gt;&gt;&gt;&gt;&gt;&gt;&gt;&gt;&gt;&gt;&gt;&gt;&gt;&gt;&gt;&gt;&gt;&gt;&gt;&gt;&gt;&gt;</p>
<p>Podemos dizer que a formação não se esgota nestes passos, apenas nos situam na caminhada, pois sabemos da importância do processo formativo em nossa vida, por isso buscamos formação continuada durante toda nossa vida. Priorizamos o cultivo da espiritualidade através de retiros mensais em comunidade e anualmente de retiros personalizados, participamos de cursos de capacitação profissional e constante aperfeiçoamento em nossa ação apostólica missionária.</p>
<h3 style="text-align: center;"><strong>SALVATORIANAS UM JEITO DE SER, AMAR E SERVIR!</strong></h3>
<!--[if lt IE 9]><script>document.createElement('audio');</script><![endif]-->
<audio class="wp-audio-shortcode" id="audio-7-1" preload="none" style="width: 100%;" controls="controls"><source type="audio/mpeg" src="https://www.salvatorianas.org.br/blog/wp-content/uploads/2018/04/Chamada-voc-02-site.mp3?_=1" /><a href="https://www.salvatorianas.org.br/blog/wp-content/uploads/2018/04/Chamada-voc-02-site.mp3">https://www.salvatorianas.org.br/blog/wp-content/uploads/2018/04/Chamada-voc-02-site.mp3</a></audio>

<p>O processo de formação Salvatoriana quer ajudar a jovem que optou pela vida religiosa Salvatoriana a viver o ideal deixado por Pe. Jordan, cuja missão é: &#8220;Para que todos conheçam o Deus verdadeiro&#8230;</p>
